{"id":1981,"date":"2018-05-22T10:09:31","date_gmt":"2018-05-22T09:09:31","guid":{"rendered":"http:\/\/beziehungsgarten.net\/blog\/?page_id=1981"},"modified":"2018-05-27T16:14:19","modified_gmt":"2018-05-27T15:14:19","slug":"datenschutzerklaerung","status":"publish","type":"page","link":"http:\/\/beziehungsgarten.net\/blog\/datenschutzerklaerung","title":{"rendered":"Datenschutzerkl\u00e4rung"},"content":{"rendered":"<h2>Wer wir sind<\/h2>\n<p>Wir sind ein nicht-kommerzielles, privat betriebenes Blog, in dem wir (als eine kleine Gruppe) Texte \u00fcbersetzen, \u00fcber B\u00fccher berichten und eigene Texte ver\u00f6ffentlichen.<\/p>\n<p>Die Adresse unserer Website ist: http:\/\/beziehungsgarten.net\/blog &#8211; per eMail sind wir unter beziehungsgarten@gmail.com erreichbar.<\/p>\n<h2>Welche personenbezogenen Daten wir sammeln und warum wir sie sammeln<\/h2>\n<h3>Kommentare<\/h3>\n<p>Besucher k\u00f6nnen auf dieser Website keine Kommentare schreiben, daher fallen in diesem Zusammenhang auch keine Daten an, die wir speichern k\u00f6nnten.<\/p>\n<h3>Kontaktformulare<\/h3>\n<p>Es gibt kein Kontaktformular &#8211; wir sind direkt per eMail erreichbar<\/p>\n<h3>Eingebettete Inhalte von anderen Websites<\/h3>\n<p>Beitr\u00e4ge auf dieser Website k\u00f6nnen eingebettete Inhalte beinhalten (z.\u00a0B. Videos, Bilder etc.). Eingebettete Inhalte von anderen Websites verhalten sich exakt so, als ob der Besucher die andere Website besucht h\u00e4tte.<\/p>\n<p>Diese Websites k\u00f6nnen Daten \u00fcber dich sammeln, Cookies benutzen, zus\u00e4tzliche Tracking-Dienste von Dritten einbetten und deine Interaktion mit diesem eingebetteten Inhalt aufzeichnen, inklusive deiner Interaktion mit dem eingebetteten Inhalt, falls du ein Konto hast und auf dieser Website angemeldet bist.<\/p>\n<h3>Analysedienste<\/h3>\n<p>Wir benutzen keine Analysedienste<\/p>\n<h3>WordPress und Plugins<\/h3>\n<p>Unsere WordPress Installation ist sehr minimalistisch, wir nutzen nur Plugins, die laut https:\/\/wp-ninjas.de\/wordpress-plugins-dsgvo DSGVO-konform sind<\/p>\n<h2>Mit wem wir deine Daten teilen<\/h2>\n<p>Wir geben keine Daten an Dritte weiter<\/p>\n<h2>Wie lange wir deine Daten speichern<\/h2>\n<p>Es werden durch uns keine Eingaben von Besuchern der Seite angenommen oder gespeichert.<\/p>\n<p>Zur Vorgehensweise unseres Webhosters leaseweb.com und deren potentiellem Logging haben wir keine direkten Einblicke &#8211; dazu gibt das <a href=\"http:\/\/www3.leaseweb.com\/I0a0GLr0H5KOTm1e0p0AN00\">Privacy Statement<\/a> von Leaseweb Auskunft.<\/p>\n<h2>Wohin wir deine Daten senden<\/h2>\n<p>Wir senden keine Daten an Dritte<\/p>\n","protected":false},"excerpt":{"rendered":"<p>Wer wir sind Wir sind ein nicht-kommerzielles, privat betriebenes Blog, in dem wir (als eine kleine Gruppe) Texte \u00fcbersetzen, \u00fcber B\u00fccher berichten und eigene Texte ver\u00f6ffentlichen. Die Adresse unserer Website ist: http:\/\/beziehungsgarten.net\/blog &#8211; per eMail sind wir unter beziehungsgarten@gmail.com erreichbar. Welche personenbezogenen Daten wir sammeln und warum wir sie sammeln Kommentare Besucher k\u00f6nnen auf dieser [&hellip;]<\/p>\n","protected":false},"author":1,"featured_media":0,"parent":0,"menu_order":0,"comment_status":"closed","ping_status":"closed","template":"","meta":{"footnotes":""},"_links":{"self":[{"href":"http:\/\/beziehungsgarten.net\/blog\/wp-json\/wp\/v2\/pages\/1981"}],"collection":[{"href":"http:\/\/beziehungsgarten.net\/blog\/wp-json\/wp\/v2\/pages"}],"about":[{"href":"http:\/\/beziehungsgarten.net\/blog\/wp-json\/wp\/v2\/types\/page"}],"author":[{"embeddable":true,"href":"http:\/\/beziehungsgarten.net\/blog\/wp-json\/wp\/v2\/users\/1"}],"replies":[{"embeddable":true,"href":"http:\/\/beziehungsgarten.net\/blog\/wp-json\/wp\/v2\/comments?post=1981"}],"version-history":[{"count":10,"href":"http:\/\/beziehungsgarten.net\/blog\/wp-json\/wp\/v2\/pages\/1981\/revisions"}],"predecessor-version":[{"id":1996,"href":"http:\/\/beziehungsgarten.net\/blog\/wp-json\/wp\/v2\/pages\/1981\/revisions\/1996"}],"wp:attachment":[{"href":"http:\/\/beziehungsgarten.net\/blog\/wp-json\/wp\/v2\/media?parent=1981"}],"curies":[{"name":"wp","href":"https:\/\/api.w.org\/{rel}","templated":true}]}}